ided by 12.
10
Suppose 0 = -5*v - 0*h + 2*h + 152, v + 4*h = 26. Suppose 0 = -7*l + 2*l + 55. Calculate the remainder when v is divided by l.
8
Suppose 3*u = -11 + 101. Calculate the remainder when u is divided by 16.
14
Suppose -2*d - 336 = -6*d. Calculate the remainder when d is divided by 17.
16
Suppose -4*p + 3 = -3*p. Suppose -p*o = -2 + 5. Let v = o - -30. What is the remainder when v is divided by 10?
9
Suppose 4 = v - 3*s - 10, 3*v - 5*s = 26. Suppose 8 = -v*p + 6*p. Let w = -152 + 155. Calculate the remainder when w is divided by p.
1
Let s be 20/(-30)*(-3)/2. Calculate the remainder when s + 10 + 0/2 is divided by 3.
2
Let h(a) = 5*a - 2. Let v be -3 + (2 - -3) - -189. Suppose 3*u - v = -4*o, -116 = -4*o + 3*u + 93. What is the remainder when o is divided by h(3)?
11
Let a be 3/(2/(4/(-6))). Let g(w) = 12*w**2 + w. Calculate the remainder when 53 is divided by g(a).
9
Let j(g) = -2*g**2 + 34*g - 19. What is the remainder when 77 is divided by j(16)?
12
Suppose 6 = y + c + 1, 5*c - 5 = 0. Let w = 2 - 4. Let q(b) = b**2 - 2. Calculate the remainder when y is divided by q(w).
0
Let i(l) = 3*l**3 - l**2 + 5*l - 1. What is the remainder when i(2) is divided by 11?
7
Let q be (3 + -9)*(-4)/6. Suppose -4*w + 3*c + 15 = 0, 5*w - q*w = -2*c - 10. Suppose w*r = -2*r + 58. What is the remainder when r is divided by 16?
13
Let i = 15 + -8. Let y(a) = -a**3 + 9*a**2 - 6*a - 11. Let g be y(8). Suppose 0*p - 15 = -g*p. Calculate the remainder when i is divided by p.
1
Let l(n) be the third derivative of n**5/60 - n**4/6 + 2*n**3/3 - 2*n**2. Calculate the remainder when 35 is divided by l(5).
8
Let k be 2 - 1*(-83 + -2). Let u = k + 2. Let t = -52 + u. What is the remainder when t is divided by 13?
11
Let c be ((-1)/(-4))/(5/(-20)). Let b(h) = 12*h**2 + h + 1. What is the remainder when 23 is divided by b(c)?
11
Suppose -1 - 1 = -k. Suppose -2*w = -w + m - 3, 3*m - 5 = -k*w. What is the remainder when 9 is divided by w?
1
Let i = 84 - 37. Suppose 2*y + 88 - 6 = 4*p, -3*y - i = -2*p. What is the remainder when p is divided by (11 - 0) + -1 - 0?
9
Let a = -92 + 143. Suppose 0 = 9*y - 2*y - 126. Calculate the remainder when a is divided by y.
15
Let t(i) = 14*i - 1. Suppose 2*b - 4*b + 4*c + 4 = 0, 2*b - 13 = -5*c. What is the remainder when t(b) is divided by 19?
17
Suppose -168 = -c - c. Suppose 86 = 5*r - c. Calculate the remainder when r is divided by 12.
10
Let m = 8 + 1. Calculate the remainder when 5/(-3)*(-330)/22 is divided by m.
7
Suppose -2*z - z = t - 50, 210 = 5*t - 5*z. Let g(a) = -a + 3. Let v be g(10). Let l(w) = -2*w + 1. What is the remainder when t is divided by l(v)?
14
Let g(l) = l**2 + l. What is the remainder when (1 - (0 - 0))/((-12)/(-24)) is divided by g(1)?
0
Let s = 2 - -1. Suppose 4*j - 17 - s = 0. Suppose 3*z = -2*z - x + 66, -64 = -5*z + x. Calculate the remainder when z is divided by j.
3
Let f = 78 + -39. Calculate the remainder when f is divided by 14.
11
Calculate the remainder when ((-20)/(-5))/((-3)/(-21)) is divided by 15.
13
Let u(z) = -2*z - 11. Calculate the remainder when u(-9) is divided by 5.
2
Let k be 1 - (3 - 17)/(-2). Let h be (1*k)/(21/(-14)). Suppose -m + 4*m = 2*d - 24, 5*d - h*m = 46. Calculate the remainder when 10 is divided by d.
4
Suppose 44 = -2*v - 2*v. Let r = v + 37. Let u = -18 + 25. Calculate the remainder when r is divided by u.
5
Let s be -2*6/(-4)*1. Let c(j) = j**3 + 2*j**2 - 3*j - 3. What is the remainder when c(s) is divided by 9?
6
Suppose n = -3*i + 36 - 14, 3*i = -2*n + 35. Calculate the remainder when -50*1*1/(-2) is divided by n.
12
Let k(a) = -14*a + 5. Let i be k(2). Suppose 0 = u - 35 - 0. Let z = u + i. What is the remainder when 46 is divided by z?
10
Let c(q) = -q**3 + 6*q**2 + 5. Suppose -7*y + 26 = -5*y. Calculate the remainder when c(4) is divided by y.
11
Let p = -3 - -15. Calculate the remainder when 263 is divided by p.
11
Let x(f) = -f + 4. Let b be x(2). Suppose 4*h - 4*k = k + 56, k + 22 = b*h. What is the remainder when h is divided by 5?
4
Suppose 0 = -5*b + m + 72, -b - 5*m = -3*b + 38. Suppose -4*n - 104 = -8*n. Calculate the remainder when n is divided by b.
12
Let c(l) = -l**3 - 2*l**2 + 4*l + 4. Let x be c(-4). Let u = x + -9. Calculate the remainder when 21 is divided by u.
10
Let w = -11 + 83. Calculate the remainder when w is divided by 15.
12
Let k = 40 + -25. Calculate the remainder when 59 is divided by k.
14
What is the remainder when (-1)/((16/4)/(-216)) is divided by 11?
10
Suppose -3*o + 4*a + 74 = 14, 3*a + 9 = 0. Suppose 92 = 2*c - 4*b, -b - 70 + 24 = -c. Calculate the remainder when c is divided by o.
14
Let t(n) = n**2 + 2*n - 2. Suppose 3*m = -4*l - 28, -2*l + 3*m - 21 = l. What is the remainder when t(l) is divided by 17?
16
Let h(w) = -w + 9. What is the remainder when 15 is divided by h(3)?
3
Let w = -32 + 49. What is the remainder when w is divided by 9?
8
Suppose -139 - 52 = -5*o + g, -4*o + g + 153 = 0. Suppose -l = 2 - 22. Calculate the remainder when o is divided by l.
18
Suppose -12*z = -21*z + 342. Calculate the remainder when z is divided by 20.
18
Let f be ((-3)/(-6))/(2/20). Let v = 2 + f. Suppose -o - 36 = -4*o. What is the remainder when o is divided by v?
5
Suppose -2 = -s + 12. What is the remainder when s - (2 + -2 + 1) is divided by 2 - -1*(-2 + 7)?
6
Let h(s) = -16*s. Let b = 11 + -7. Let u = b + 7. Calculate the remainder when h(-2) is divided by u.
10
Let t(i) = 3*i**2 + 6*i - 3. Calculate the remainder when t(-6) is divided by 24.
21
Let k(z) = 2*z**2 + z + 1. Let q(n) = -n**3 + n**2 - 1. Let p be q(0). Let i be k(p). What is the remainder when 24 is divided by i/6 - (-38)/3?
11
Suppose 4*f = 6 + 6. Suppose x + 16 + f = -p, 3*x = 4*p + 97. Let a = -8 - p. Calculate the remainder when 41 is divided by a.
13
Suppose 0 = -h - h. Let r(p) = p + 5. Let t be r(h). Suppose t*j = y + 256, -5*j + 161 + 91 = -2*y. Calculate the remainder when j is divided by 18.
16
Suppose 0 = -5*a + 10, -4*l - 5*a + 0*a + 6 = 0. What is the remainder when 11 is divided by ((-2)/8)/(l/28)?
4
Let y = -1 + 81. Calculate the remainder when y is divided by 41.
39
Let w = -13 + 19. Suppose i - w = 2. Suppose 1 = 4*s - 3*s + v, 20 = -5*v. What is the remainder when i is divided by s?
3
Let k(q) = 2 + 0 + 0*q - 5*q + 4*q. Let m be k(-2). Suppose a + f = -m*f - 7, -f = -a + 17. Calculate the remainder when 24 is divided by a.
11
Let t(p) = -5*p + 7. Let q be t(3). Let o(z) = -z**2 - 11*z - 17. What is the remainder when o(q) is divided by 2?
1
Suppose -2*x - 2*i + 7 = -3*i, 3*x - 12 = i. What is the remainder when 23 is divided by x?
3
Let y(s) = s**2 + 2*s - 3. Let v(h) = h**3 + 4*h**2 - 4. Let j be v(-3). Suppose -x + 4*x - 33 = 0. Calculate the remainder when y(j) is divided by x.
10
What is the remainder when 7 is divided by (-3)/15 + 63/15?
3
Let m = 35 + -17. What is the remainder when m is divided by 11?
7
Let m = 23 - -14. Let v(x) = 2*x**2 - 6*x + 1. Let o be v(5). Let r = -8 + o. What is the remainder when m is divided by r?
11
Let d be 4/22 + (-2)/11. Let j(a) = -5*a**2 + 4*a**2 + d*a**2 + 4. What is the remainder when 10 is divided by j(0)?
2
Suppose -3*d + 82 = t - 3*t, 0 = 2*d + t - 64. Calculate the remainder when d is divided by 4*(-2 + -2 + 8).
14
Suppose 0 = -r - 2 + 6. Suppose 7 + 145 = r*w. Calculate the remainder when w is divided by 13.
12
Let q = -97 + 164. What is the remainder when q is divided by 35?
32
Let y(a) = a**3 - 6*a**2 - 8*a + 2. Let q be y(6). Let t be (-6)/2*(-64)/(-6). Let j = t - q. What is the remainder when j is divided by 5?
4
Suppose -2*z + 38 = -z. Let s(p) = -2 + 4*p**3 - 4*p - 3*p**2 - p - p**3 - 4*p**3. Calculate the remainder when z is divided by s(-3).
12
Suppose 273 + 628 = 17*m. What is the remainder when m is divided by 20?
13
Suppose 0*j = 3*v + j + 5269, 0 = -5*j - 20. Calculate the remainder when v/18*(-2)/3 is divided by 17.
14
Suppose 2*d - 4*d + 10 = 0. Suppose d*n - 7 - 13 = 0. Suppose 2*k = i + 3, -3*i - 1 = -3*k - n. Calculate the remainder when 14 is divided by k.
2
Let s be 0/1 + 0/(-4). Let i be s + -2 + 4 + -2. Suppose i = 3*l - 23 - 25. Calculate the remainder when 31 is divided by l.
15
Let i(z) = -28*z. Let j(t) = -t**3 + t**2 + t - 2. Let m be j(0). Calculate the remainder when i(m) 